prime factors of (-17)/(-2) + (-1)/a?
3
List the prime factors of ((-8)/(-12))/((-4)/(-258)).
43
Let p(f) = 9*f - 1. Let u be p(6). Let l = u - 26. What are the prime factors of l?
3
Let j(a) = 8*a**2 - 3*a - 4. Let r be j(3). Let k = 96 - r. List the prime factors of k.
37
Let i(j) = -j**3 - 8*j**2 - 2*j - 6. Let y be i(-8). Suppose -4*n + y = -114. List the prime factors of n.
31
What are the prime factors of -4*(2 - 147/12)?
41
Suppose -5*w + 1391 = -0*w - h, 2*w - 4*h = 542. List the prime factors of w.
3, 31
Let y = 168 - 91. List the prime factors of y.
7, 11
Let u(f) = -2*f**2 - f - 3. Let i be u(-3). Let r = 41 + i. What are the prime factors of r?
23
Suppose d + 3 - 7 = 0. Suppose -d*o + 32 = -24. What are the prime factors of o?
2, 7
Let v(q) = 3*q. Let y be v(2). Let r(i) = -i**3 + 6*i**2 - 6. Let l be r(y). Let s(h) = -h + 2. List the prime factors of s(l).
2
Suppose 2*s + 30 = u + 3*u, -u = -2*s - 15. Suppose -a = -u*a. Suppose 3*w - 3*z + 2 = z, a = -2*w + 2*z. What are the prime factors of w?
2
Suppose -10 - 68 = -2*b. What are the prime factors of b?
3, 13
Let h be (-6)/42 - (-2)/14. Suppose -5*l - 4*k + 41 = h, l - 6*l - 2*k + 43 = 0. List the prime factors of l.
3
List the prime factors of 8/56 - 55/(-7).
2
Let y = 33 + 1. What are the prime factors of y?
2, 17
Let a(d) = -d**2 - 7*d + 5. Let x be a(-7). Suppose 2*f - k + 1 = 11, 0 = x*f - 2*k - 24. Suppose 3*v - 42 = -5*s, f*s = 2*s. What are the prime factors of v?
2, 7
Let v be 1/(-1)*(1 + 0). Let t = 4 + v. What are the prime factors of t?
3
Suppose -3*t = -26 - 127. List the prime factors of t.
3, 17
Let f = 30 - 52. What are the prime factors of 4/4 - (f + 1)?
2, 11
Suppose -2*f = -0*b + 2*b + 2, 0 = -b + 4. Let k = 10 - f. What are the prime factors of k?
3, 5
Suppose -o - 9 = -4*o. Suppose o*i = 2*r - 13, i - 6 = -r + 2*i. What are the prime factors of r?
5
Suppose 3*o + 10 = 4*s, 2*o = -0*o + 4*s - 12. Let f(u) = 4*u - u - 2 + 0*u**o - 3*u**2 + u**3 - u. List the prime factors of f(3).
2
Let n = 13 + -3. List the prime factors of 24/n*(-665)/(-38).
2, 3, 7
Suppose -2*b - 1 = 2*t + 187, 0 = -3*t + b - 286. Let w be t/(-20) - 1/(-4). Suppose -p - 3*d = -2*p + 29, 5*d + 105 = w*p. List the prime factors of p.
17
Suppose -57 = -2*v - 23. What are the prime factors of v?
17
Let h(d) = d**2 - 3*d - 3. Suppose -5 = -2*t + t. List the prime factors of h(t).
7
Suppose -2*s = 8 - 136. What are the prime factors of s?
2
Let b = 7 - -51. List the prime factors of b.
2, 29
Let b be (-42)/(-10) + (-7)/35. List the prime factors of (2/b)/((-1)/(-46)).
23
Let h(k) = 6*k + 1. What are the prime factors of h(5)?
31
Let u = -3 - -5. Let w(p) = 29*p - 3. List the prime factors of w(u).
5, 11
List the prime factors of (-12385)/(-45) - (-4)/(-18).
5, 11
Suppose 5*g + 10 = 35. Let i be 3*3/9*g. What are the prime factors of (-18)/i*(-25)/10?
3
Let b(t) = 11*t. Let p(i) = -7*i. Let s(f) = 5*b(f) + 8*p(f). Let x be s(-4). Suppose -4*q + j + j = -8, -2*j + x = -q. List the prime factors of q.
2
Let p = 9 + -7. Suppose 0 = p*k - 0*k - 8. Suppose -20 = -k*t - 4. List the prime factors of t.
2
Let i(p) = -p**3 - p + 2. Let t be i(0). Let f be 0/(0 + t) + -6. What are the prime factors of (-4)/f*12 - 2?
2, 3
Suppose 4*i + 16 = 0, 2*r + 0*r - 3*i = 2. List the prime factors of r/(0 + -1)*2.
2, 5
What are the prime factors of 1 - -3 - (-4 - 12)?
2, 5
Suppose 11 = 3*j - 2*i, -2*j - 6 = -5*i + 5. Let f = j - -7. List the prime factors of f.
2, 7
Let k = 43 + 110. List the prime factors of k.
3, 17
Let x(y) = -28*y - 36. What are the prime factors of x(-6)?
2, 3, 11
Let w(t) be the second derivative of -t**3/6 + t**2/2 + 2*t. Let a be w(5). Let h(x) = -3*x - 5. What are the prime factors of h(a)?
7
Let s = 25 - 13. Suppose -5*z + 4 = -4*n, 4*z - 5*n + s = 2*z. List the prime factors of z.
2
Let g = 81 + -54. Let n be 20*(g/(-12))/(-1). Suppose 4*z - n = z. What are the prime factors of z?
3, 5
Let l = 14 - 8. Suppose -l*j + 125 = -j. What are the prime factors of j?
5
Let o = 8 - 9. List the prime factors of 22 - o/(-2)*0.
2, 11
Let n = 53 + -17. Suppose 3*q = -o - 4*o + 106, -2*q - n = -2*o. What are the prime factors of o?
2, 5
Let w = -6 + 4. List the prime factors of (0 + w)*25/(-10).
5
Let t = 7 - 5. Let o be -1 - (-20 + t)/3. Suppose -o*x - 26 = -p, -40 = -p - p - 2*x. List the prime factors of p.
3, 7
Let x = 12 + -20. Let y be (-2)/(-9) - (-7)/9. Let k = y - x. What are the prime factors of k?
3
Suppose -299 = -6*m + 49. What are the prime factors of m?
2, 29
Suppose -5 = -l + 24. List the prime factors of l.
29
Let b(u) be the third derivative of -u**6/120 + u**5/12 - u**4/8 - 2*u**2. What are the prime factors of b(2)?
2, 3
Suppose -3*f = 2*f - 120. Suppose -6 - f = -5*y. List the prime factors of y.
2, 3
Let m be (-16)/(-4)*3/6. Suppose 0*q + 36 = m*q. List the prime factors of q.
2, 3
Suppose 0 = 2*o + 8, n + 8 = 2*n - 3*o. Let s = n - -7. What are the prime factors of 75/(0 + s) + -3?
2, 11
Suppose 94 = 2*u - 0*u. Suppose u = 2*w - 25. List the prime factors of w.
2, 3
Let o(w) = -w**2 + 5*w + 4. Let g be o(5). What are the prime factors of (2 + 1 - g) + 24?
23
List the prime factors of 453/27 + (-4)/(-18).
17
Suppose -3*l + 5*o = -31, -2*l - 3*l + 62 = 2*o. What are the prime factors of 111/12 + (-3)/l?
3
Let n(s) = -s**3 - 3*s**2 - 3*s - 2. Let z be n(-2). Suppose -w + 4 = -z. List the prime factors of w.
2
Let y = -15 + 17. List the prime factors of y.
2
Suppose a + 2*a = -5*n + 70, -2*a = 0. List the prime factors of n.
2, 7
Suppose 7*z - 4*z = 438. What are the prime factors of z?
2, 73
Suppose -13*q - 276 = -5450. List the prime factors of q.
2, 199
Let q(b) = -7*b - 2. What are the prime factors of q(-3)?
19
Let l be (-48)/(-10) - (-20)/(-25). Let d(c) = 5*c**2 + 0*c**3 - 2*c - c**3 + 4 - c. What are the prime factors of d(l)?
2
Let m(n) = -n**2 + 3*n - 5. Let x(j) = -j**2 + 4*j - 4. Let v(a) = -3*m(a) + 4*x(a). Let g be v(4). Let c(k) = -k**2 + 11*k + 9. List the prime factors of c(g).
3
Suppose 2*s = 5*j - 326, 52 = j - s - 15. List the prime factors of j.
2
Let g(q) = q**3 + 8*q**2 + 6*q - 6. Let v be g(-5). Suppose -2*r + r = -v. What are the prime factors of r?
3, 13
Suppose 4 - 10 = -2*f. Let j be 0 - (-2 - 0)*-1. List the prime factors of (f/j)/(12/(-16)).
2
Let z be -12*((-2)/4 - 0). Suppose -i - z = -4*i. Suppose 6*k - 12 = i*k + 2*d, 5*k + 2*d = 15. What are the prime factors of k?
3
Suppose -2*w = w - 165. List the prime factors of w.
5, 11
Let y(w) be the third derivative of -1/60*w**5 - 5/6*w**3 - 2*w**2 - 1/4*w**4 + 0*w + 0. What are the prime factors of y(-4)?
3
Suppose 2*x - b = 55, x - 4*x = 3*b - 87. What are the prime factors of x?
2, 7
Let h(w) = -2*w**2 + 10. List the prime factors of h(0).
2, 5
Let o(y) = y**2 - 5*y + 6. Let l be o(4). Suppose 0 = -2*s - 10, -3*c + 5*s = l*c - 185. What are the prime factors of c?
2
Let u be 1/(2 - (-99)/(-48)). Let g(v) = v**3 - v**2 - 4*v - 2. Let w be g(4). Let j = u + w. List the prime factors of j.
2, 7
Let u = -23 + 24. Suppose -3*o - 11 = -3*n + 2*o, -8 = -2*n + 4*o. Suppose -u = -l + n. What are the prime factors of l?
3
Let r be (0/2 - -2) + 34. Let c = r - 16. List the prime factors of c.
2, 5
Let v(q) = q**3 - q**2 - 1. Let m be v(0). Let d be (m/(-2))/(1/(-14)). What are the prime factors of ((0 + d)*1)/(-1)?
7
Let d(y) = 93*y**2 + 3*y - 1. What are the prime factors of d(-1)?
89
Let i be 3*(2 - 3) - -4. Let c = i + 25. List the prime factors of c.
2, 13
Suppose 3*c + 2*f = 71, -f + 37 + 11 = 2*c. List the prime factors of c.
5
Let w be 3/(-9) - 5/3. Let c be (-1 - -1) + -22 + w. What are the prime factors of (c/9 - -2)*-3?
2
Suppose 5*f - 12 = 13. Let p(c) = c - 1. Let j be p(f). List the prime factors of j*(5/(-2))/(-5).
2
Let s(h) = h + 0*h - 2*h + 3. Let f be (-6)/(-8) + 45/(-12). What are the prime factors of s(f)?
2, 3
Suppose 2*l + 28 = 278. List the prime factors of l.
5
Let w(k) = -k**3 + 4*k**2 + 2*k - 6. Let z be w(4). Suppose -c + z = -2*c. What are the prime factors of 4*(2 - c/(-8))?
7
Suppose -4*h + 297 - 29 = 0. List the prime factors of h.
67
Suppose 0 = 5*x + 3*v - 175, -2*x - 2*v - 86 = -4*x. What are the prime factors of x?
2, 19
Suppose 5*t - 4*t = 6. Let u be t/(-3) - 2/1. List the prime 